e remainder when 1876 is divided by 133?
14
What is the remainder when 11679 is divided by 16?
15
Calculate the remainder when 592 is divided by 28.
4
Calculate the remainder when 19151 is divided by 16.
15
Calculate the remainder when 1396 is divided by 35.
31
Calculate the remainder when 366 is divided by 46.
44
What is the remainder when 471 is divided by 101?
67
What is the remainder when 477 is divided by 24?
21
Calculate the remainder when 584 is divided by 84.
80
What is the remainder when 222 is divided by 124?
98
Calculate the remainder when 321 is divided by 102.
15
What is the remainder when 2031 is divided by 406?
1
Calculate the remainder when 287 is divided by 74.
65
What is the remainder when 349 is divided by 6?
1
What is the remainder when 1947 is divided by 15?
12
What is the remainder when 126 is divided by 3?
0
What is the remainder when 11037 is divided by 96?
93
Calculate the remainder when 4281 is divided by 68.
65
Calculate the remainder when 290 is divided by 43.
32
What is the remainder when 637 is divided by 209?
10
What is the remainder when 6454 is divided by 6441?
13
What is the remainder when 109 is divided by 24?
13
What is the remainder when 259 is divided by 4?
3
Calculate the remainder when 867 is divided by 58.
55
What is the remainder when 524 is divided by 187?
150
Calculate the remainder when 369 is divided by 99.
72
What is the remainder when 478 is divided by 40?
38
What is the remainder when 1217 is divided by 442?
333
Calculate the remainder when 172 is divided by 31.
17
What is the remainder when 17 is divided by 7?
3
Calculate the remainder when 1087 is divided by 185.
162
Calculate the remainder when 590 is divided by 74.
72
Calculate the remainder when 8835 is divided by 9.
6
What is the remainder when 4581 is divided by 29?
28
Calculate the remainder when 61 is divided by 31.
30
What is the remainder when 750 is divided by 8?
6
Calculate the remainder when 4199 is divided by 40.
39
Calculate the remainder when 90 is divided by 32.
26
Calculate the remainder when 5972 is divided by 206.
204
Calculate the remainder when 170 is divided by 25.
20
Calculate the remainder when 673 is divided by 668.
5
Calculate the remainder when 544 is divided by 63.
40
Calculate the remainder when 85 is divided by 21.
1
Calculate the remainder when 309 is divided by 64.
53
Calculate the remainder when 1214 is divided by 160.
94
What is the remainder when 88 is divided by 28?
4
Calculate the remainder when 26 is divided by 14.
12
Calculate the remainder when 302 is divided by 28.
22
Calculate the remainder when 291 is divided by 59.
55
Calculate the remainder when 119 is divided by 34.
17
Calculate the remainder when 461 is divided by 6.
5
What is the remainder when 361 is divided by 33?
31
What is the remainder when 4729 is divided by 43?
42
Calculate the remainder when 178 is divided by 13.
9
What is the remainder when 1023 is divided by 18?
15
Calculate the remainder when 407 is divided by 24.
23
What is the remainder when 1992 is divided by 40?
32
Calculate the remainder when 43 is divided by 2.
1
Calculate the remainder when 665 is divided by 156.
41
Calculate the remainder when 42 is divided by 12.
6
What is the remainder when 13453 is divided by 16?
13
What is the remainder when 173 is divided by 43?
1
Calculate the remainder when 222 is divided by 56.
54
Calculate the remainder when 556 is divided by 13.
10
Calculate the remainder when 1052 is divided by 321.
89
What is the remainder when 8902 is divided by 42?
40
What is the remainder when 6994 is divided by 33?
31
Calculate the remainder when 3357 is divided by 120.
117
Calculate the remainder when 124 is divided by 4.
0
Calculate the remainder when 134 is divided by 37.
23
Calculate the remainder when 359 is divided by 93.
80
Calculate the remainder when 676 is divided by 98.
88
What is the remainder when 771 is divided by 86?
83
Calculate the remainder when 1413 is divided by 118.
115
Calculate the remainder when 2840 is divided by 46.
34
What is the remainder when 2068 is divided by 19?
16
Calculate the remainder when 3295 is divided by 55.
50
Calculate the remainder when 94 is divided by 51.
43
What is the remainder when 270 is divided by 90?
0
What is the remainder when 5434 is divided by 21?
16
Calculate the remainder when 558 is divided by 8.
6
Calculate the remainder when 50 is divided by 21.
8
What is the remainder when 228 is divided by 82?
64
Calculate the remainder when 731 is divided by 49.
45
What is the remainder when 39 is divided by 16?
7
What is the remainder when 604 is divided by 211?
182
What is the remainder when 10951 is divided by 126?
115
What is the remainder when 151 is divided by 14?
11
Calculate the remainder when 247 is divided by 47.
12
What is the remainder when 1127 is divided by 157?
28
Calculate the remainder when 31 is divided by 11.
9
Calculate the remainder when 2374 is divided by 9.
7
What is the remainder when 20 is divided by 2?
0
Calculate the remainder when 57 is divided by 12.
9
What is the remainder when 278 is divided by 145?
133
What is the remainder when 51 is divided by 5?
1
What is the remainder when 702 is divided by 3?
0
Calculate the remainder when 1429 is divided by 240.
229
Calculate the remainder when 416 is divided by 21.
17
What is the remainder when 6 is divided by 3?
0
What is the remainder when 355 is divided by 32?
3
What is the remainder when 2 is divided by 2?
0
Calculate the remainder when 1475 is divided by 106.
97
What is the remainder when 355 is divided by 24?
19
Calculate the remainder when 258 is divided by 5.
3
Calculate the remainder when 644 is divided by 445.
199
What is the remainder when 1513 is divided by 22?
17
Calculate the remainder when 853 is divided by 121.
6
What is the remainder when 793 is divided by 133?
128
Calculate the remainder when 3599 is divided by 120.
119
What is the remainder when 254 is divided by 6?
2
What is the remainder when 218 is divided by 126?
92
What is the remainder when 724 is divided by 151?
120
Calculate the remainder when 686 is divided by 99.
92
Calculate the remainder when 260 is divided by 181.
79
Calculate the remainder when 390 is divided by 300.
90
Calculate the remainder when 342 is divided by 43.
41
Calculate the remainder when 13462 is divided by 88.
86
Calculate the remainder when 302 is divided by 110.
82
What is the remainder when 621 is divided by 127?
113
What is the remainder when 1327 is divided by 31?
25
Calculate the remainder when 332 is divided by 112.
108
Calculate the remainder when 4064 is divided by 18.
14
Calculate the remainder when 82 is divided by 5.
2
What is the remainder when 542 is divided by 37?
24
What is the remainder when 9011 is divided by 4?
3
Calculate the remainder when 1029 is divided by 86.
83
Calculate the remainder when 177 is divided by 18.
15
Calculate the remainder when 20 is divided by 20.
0
Calculate the remainder when 749 is divided by 127.
114
Calculate the remainder when 1713 is divided by 15.
3
Calculate the remainder when 115 is divided by 33.
16
What is the remainder when 172 is divided by 20?
12
What is the remainder when 155 is divided by 53?
49
Calculate the remainder when 278 is divided by 14.
12
Calculate the remainder when 596 is divided by 100.
96
Calculate the remainder when 170 is divided by 35.
30
Calculate the remainder when 1345 is divided by 18.
13
What is the remainder when 699 is divided by 50?
49
What is the remainder when 76 is divided by 14?
6
What is the remainder when 1607 is divided by 12?
11
What is the remainder when 813 is divided by 102?
99
Calculate the remainder when 245 is divided by 159.
86
Calculate the remainder when 2622 is divided by 37.
32
Calculate the remainder when 399 is divided by 5.
4
What is the remainder when 401 is divided by 82?
73
Calculate the remainder when 2266 is divided by 13.
4
Calculate the remainder when 10544 is divided by 52.
40
What is the remainder when 565 is divided by 27?
25
Calculate the remainder when 120192 is divided by 38.
36
What is the remainder when 1823 is divided by 166?
163
Calculate the remainder when 1154 is divided by 377.
23
What is the remainder when 1285 is divided by 13?
11
Calculate the remainder when 5905 is d